st common divisor of u and g?
12
Suppose g - 4448 = -i, 42*g - 46*g = 5*i - 22246. What is the highest common factor of i and 374?
34
Let u = -33 - -38. Let b = 241 + 24. Calculate the greatest common factor of u and b.
5
Let a = -20830 - -21024. Calculate the greatest common factor of 4559 and a.
97
Suppose 316 = 8*y - 4. Suppose -y*v = -45*v + 260. What is the greatest common factor of v and 13?
13
Suppose -3*i + 40*i - 238142 = -25*i. What is the greatest common divisor of i and 167?
167
Let x(w) = -78*w**3 + 15*w**2 - 4*w - 2. Let j be x(-1). Calculate the highest common factor of j and 5605.
95
Let f be 13780/975 - 4/30. Suppose 6*i - 9*i + 3 = 0. Let g be i*-3 - (6 - 23). What is the highest common divisor of g and f?
14
Let j(a) = 17*a - 3. Let r be j(3). Let c be (13/65)/(1/15). Suppose 4*v - 9*s + 6*s = 59, -c*v + 3*s = -r. What is the highest common factor of v and 22?
11
Let u be 168696/142 - (3 - 22). What is the highest common factor of u and 187?
17
Let i(c) = 2*c - 40. Let q be i(0). Let r = q + 50. Suppose -5 = -o + r. What is the highest common divisor of 6 and o?
3
Suppose 5*m + 2*v + 17 = 0, 2*m + 3 = -5*v + 13. Let d be -2*(26 + m)*(-4)/(-3). Let t = -47 - d. Calculate the greatest common divisor of t and 2.
1
Suppose 20983 + 9929 = 32*n. What is the greatest common divisor of n and 23?
23
Suppose -4 = i - 9. Suppose -3*l - 2*d = -203, i*d = 6*l - 5*l - 96. What is the greatest common divisor of l and 568?
71
Let d = 9 + 8. Let a = -1337 - -2087. Suppose 39*b - a = 1902. Calculate the greatest common divisor of b and d.
17
Let s be 12/(-2 - -3) + 1 + -1. Suppose -2*d + s = 5*g + 5, -2*d + 4*g + 16 = 0. Calculate the greatest common factor of d and 6.
6
Let v be (-4)/(-26) + (-23320)/(-689). What is the greatest common factor of 3 and v?
1
Let u = -4511 + 4631. Suppose 0 = -2*g - 2*d + 106, -3*d + 2*d - 187 = -4*g. Calculate the greatest common factor of g and u.
24
Suppose -252 = -4*w - 3*c, -5*c = 3*w - 103 - 75. Let b = -42 + w. Let n(u) = 30*u - 12. Let r be n(6). What is the greatest common factor of r and b?
24
Let m = 12551 + -1541. What is the greatest common divisor of m and 6?
6
Let i = -219 - 9. Let l = i - -241. Calculate the greatest common divisor of 481 and l.
13
Let y = 83 - 74. Suppose 0 = -11*n + y*n + 128. Calculate the greatest common divisor of n and 48.
16
Suppose 0 = n - 5*l - 31, -13 = -n - l - 3*l. What is the greatest common divisor of 889 and n?
7
Suppose 6*n = 4*n + 2210. Let z = 478 + -413. What is the highest common factor of z and n?
65
Suppose 174*z - 352 = 162*z + 4*m, 5*z + 2*m - 165 = 0. Let u be (-2)/(-8) + (-3)/12. Let y be 154 + 1*(u + 1). What is the highest common factor of z and y?
31
Let v = -44 + 143. Suppose 0 = -5*t + 2*t + 21. Let g(a) = -a**2 + 7*a + 9. Let m be g(t). What is the highest common divisor of m and v?
9
Let v = 759 + -754. Let f be v + (21 - 6 - -5). What is the highest common divisor of 325 and f?
25
Suppose -148 = 5*k - 533. Let n(s) = -s. Let p be n(-7). Calculate the greatest common factor of k and p.
7
Let q = 3330 + -3270. Calculate the greatest common divisor of q and 330.
30
Let x = 49 - 41. Let g(c) = x*c + 10 + 10*c - 12. Let p be g(1). Calculate the highest common factor of p and 16.
16
Let s = 2655 + -2551. Calculate the greatest common divisor of 481 and s.
13
Let i(k) = 11*k**2 + 35*k - 91. Let q be i(4). Calculate the highest common factor of 8700 and q.
75
Let y be ((-7905)/(-68))/(2/(-8)). Let u = y - -721. Calculate the greatest common factor of u and 96.
32
Let x be (3 - (-148)/(4 + -2)) + -1. Let j = x - 76. Suppose -8*l + 12*l - 136 = j. What is the highest common divisor of 170 and l?
34
Let y be (-9)/(-19 - -1)*(7209 + -17). What is the highest common divisor of y and 464?
116
Let v be (-7)/21*-363 + 0. Suppose -4*k + 1486 = 5*t + v, -k + 2*t + 338 = 0. Calculate the greatest common divisor of k and 40.
20
Let l = -10036 + 14716. Calculate the greatest common factor of l and 150.
30
Let o = 130 - 122. Suppose 4*u - 44 = -2*i, u - 19 = -2*i + i. Let a be (i/(-5))/o - 754/(-10). What is the greatest common divisor of 30 and a?
15
Let q be 6 + 16 + -11 + -4. Calculate the greatest common factor of q and 10871.
7
Let k = -151 - -156. Let f = 19 + -17. Suppose 30 = 4*b + y - 69, 5*y + 55 = f*b. What is the greatest common divisor of b and k?
5
Suppose 32*o - 23*o + 390 = 14*o. What is the greatest common divisor of 34554 and o?
78
Let g(m) = 3*m**3 - 17*m**2 + 22*m + 210. Let l be g(5). Calculate the greatest common divisor of 2403 and l.
27
Let q be 0 - (4 + -4 + -35). Let z(g) = g**2 - q - 7*g + 19*g + 1 - 13*g. Let u be z(7). What is the greatest common factor of 88 and u?
8
Suppose -8 = 4*l, -b + 220 = -5*l - 27. Suppose 0 = 4*y - 2*y - 3*o - b, 3*o + 3 = 0. What is the greatest common divisor of y and 13?
13
Let h(c) = c**2 + 4*c + 6. Let w be 18/(-3)*6*(-3)/27. Let k be h(w). What is the highest common divisor of 95 and k?
19
Let v be 10*7*(-3177)/(-2118). Suppose b = 3*d + 24, -5*b - 4*d + 106 = -5*d. What is the highest common divisor of v and b?
21
Suppose 389*l + 664 = z + 386*l, -2*l = -2*z + 1316. What is the highest common divisor of z and 2358?
131
Let l be (-8)/(-1) - (8124/(-6) + -6). What is the greatest common divisor of 38 and l?
38
Suppose 0 = -q - 3335 + 28362. What is the greatest common factor of q and 87?
29
Let s be 110*(51 - 9 - 12). Calculate the greatest common divisor of 200 and s.
100
Suppose -3*j - s + 357 = 0, -4*j + 601 = -3*s + 112. Calculate the greatest common divisor of 96 and j.
24
Let b be 112*(18 - (-784)/(-42) - 44/(-21)). What is the greatest common factor of 2260 and b?
20
Let h = -5 + 15. Suppose 14*k - 30 = -k. Suppose -k*s - h = -34. What is the highest common divisor of s and 30?
6
Let i(y) = -191*y + 2409. Let b be i(12). Let k be (-6)/(-8)*-2*(-52)/6. Calculate the highest common factor of b and k.
13
Let d(r) = 2*r**2 - 3*r - 11. Let v be d(-5). Let q = -1810 + 1822. Calculate the greatest common factor of v and q.
6
Let m(o) = o**3 - 6*o**2 + 5*o + 9. Let l be m(5). Let g be (4 - (-12)/(-6))*l/2. Calculate the highest common factor of 24 and g.
3
Let l be ((-6)/15)/(1/25). Let s be (-2)/(-2 + (-19)/l). Let c be ((-8)/6)/((-3)/9). What is the greatest common divisor of c and s?
4
Let i = -6 + 8. Let g(v) = 402*v - 4. Let d be g(i). Suppose d = 2*q + 3*q. Calculate the highest common factor of 64 and q.
32
Let x = -118 + 128. Let n be ((-124)/16)/(2/(-16)). Let b = n + -12. Calculate the highest common divisor of b and x.
10
Suppose -5*p - 10 = -335. Calculate the greatest common factor of p and 45.
5
Let m be ((-12)/27)/((-15)/270). What is the greatest common divisor of m and 8?
8
Suppose 17*b - 7353 = -9555 + 106531. What is the highest common factor of 17 and b?
17
Let p = 10 + -6. Suppose 0 = -p*r - 48. Let d(h) = -22*h + 33. Let q be d(r). What is the greatest common divisor of 27 and q?
27
Suppose -5*d - 97 = -157. Let n(w) = 5*w + 204. Let a(c) = 5*c + 204. Let h(y) = 3*a(y) - 2*n(y). Let q be h(0). Calculate the highest common factor of d and q.
12
Let f = 10 - -24. Suppose 54*o + 16411 = 296*o - 4159. Calculate the greatest common divisor of o and f.
17
Let h(z) = -6*z**2 - 1170*z - 1421. Let o be h(-179). What is the greatest common divisor of o and 11?
11
Let j(r) be the second derivative of r**4/6 - r**3/2 - 4*r**2 - 5*r - 4. Let g be j(4). What is the greatest common factor of 60 and g?
12
Suppose -6*h = -2*h - 112. Let d be (128/4)/4 - 6. Suppose l - 3*w - 4 = 0, l = 3*w - d*w + 6. Calculate the greatest common factor of l and h.
7
Let a(l) = -3*l + 3. Suppose -19*m + 23*m - 2*b = 4, -5*b - 24 = 4*m. Let y be a(m). What is the greatest common divisor of 102 and y?
6
Let f(c) = -5*c**3 + 3*c**2 - c - 1. Let x be f(1). Let b be ((-1)/x)/((-15)/(-60))*-85. Let g = 92 + b. Calculate the greatest common factor of g and 21.
7
Let k be -14*(-6)/(-4) + -2. Let c = 7 - k. Let r = 124787 + -124457. Calculate the greatest common divisor of c and r.
30
Let f = -6541 + 9315. Calculate the highest common factor of f and 219.
73
Suppose -4*v + 37 = 4*a + 1, 3*a = 2*v - 28. Suppose -v*c = -10*c - 22. What is the greatest common divisor of c and 253?
11
Suppose -3*q + 5*f = -28, 5*q + 0*q = 4*f + 